ine f(30).
-167
Let p(t) = 3*t**3 - 4*t**2 + 44*t + 114. What is p(-4)?
-318
Let s(t) = -t**3 - 24*t**2 + 175*t - 226. Give s(4).
26
Let w(u) = -12796*u + 9865710. What is w(771)?
-6
Let z(n) = -n**3 - 511*n**2 - 38216*n + 1661. Give z(-420).
-19
Let z(b) = 4*b**2 - 42321*b + 169221. Give z(4).
1
Let r(g) = -94*g**2 - 1487*g + 96. What is r(-13)?
3541
Let l(q) = q**2 + 226*q + 3360. Determine l(-16).
0
Let v(h) = -19579*h - 137050. What is v(-7)?
3
Let i(k) = 6060*k + 18783. Calculate i(-3).
603
Let f(i) = -13*i**3 + 289*i**2 - 74*i + 65. Calculate f(22).
-111
Let p(t) = 2*t**3 - 3385*t**2 - 13647*t - 303. Give p(-4).
-3
Let g(z) = -11*z**2 - 84*z + 187. Give g(2).
-25
Let m(l) = 54*l**2 + 590*l + 27. What is m(-11)?
71
Let v(t) = -1139*t + 3487. What is v(3)?
70
Let g(u) = -u**3 - 28*u**2 + 93*u + 2520. Give g(-28).
-84
Let a(o) = -o**3 + 64*o**2 + 1296*o + 1669. Calculate a(-15).
4
Let r(j) = -4223*j + 80212. Calculate r(19).
-25
Let o(h) = 66*h**2 + 733*h + 31. Determine o(-12).
739
Let q(i) = 4386*i - 214893. Calculate q(49).
21
Let l(u) = -37743*u - 943581. Determine l(-25).
-6
Let y(g) = 11133*g + 6123149. Give y(-550).
-1
Let s(m) = -4*m**2 - 8*m - 285. Give s(-10).
-605
Let a(z) = -z**3 - 68*z**2 + 82*z + 13541. Give a(-66).
-583
Let i(w) = -w**2 - 5655*w + 62323. What is i(11)?
-3
Let k(y) = -y**3 - 36*y**2 - 327*y + 320. Calculate k(-18).
374
Let v(k) = 125*k**2 + 987*k - 81. What is v(-8)?
23
Let u(t) = 39*t**2 - 396*t + 62. Calculate u(10).
2
Let c(u) = u**3 - 278*u**2 - 580*u - 5. Give c(0).
-5
Let n(p) = 10*p**2 - 2608*p + 34552. Calculate n(14).
0
Let v(p) = p**2 - 526*p + 2616. Determine v(5).
11
Let r(i) = -66*i**2 + 3892*i - 15563. Calculate r(4).
-1051
Let q(r) = -174*r - 2553. Calculate q(-16).
231
Let h(w) = -1032*w - 57441. Give h(-55).
-681
Let q(s) = -614*s**2 + 4236*s - 51. What is q(7)?
-485
Let k(v) = -5750*v**2 + 28769*v - 97. Give k(5).
-2
Let y(j) = j**2 - 425*j - 45173. Calculate y(-88).
-29
Let z(y) = 3*y**3 - 284*y**2 + 740*y - 207. Give z(92).
161
Let g(f) = 1454*f + 244281. Determine g(-168).
9
Let h(j) = 81*j**2 + 442*j + 891. Determine h(-2).
331
Let u(i) = -3*i**3 + 3*i**2 - 288*i - 1117. Determine u(-4).
275
Let p(i) = -230*i - 810. Determine p(-7).
800
Let v(j) = -j**3 - 251*j**2 - 9527*j + 2854. Calculate v(-47).
-13
Let w(v) = 116*v**3 + 175*v**2 + 145*v - 28. Determine w(-1).
-114
Let k(g) = -13*g**2 + 1422*g - 4256. Give k(3).
-107
Let q(z) = -4*z**2 + 9551*z - 76156. What is q(8)?
-4
Let j(i) = -i**3 - 63*i**2 + 16563*i - 170. Give j(-164).
-6
Let y(c) = 321*c**2 + 1275*c - 3. Give y(-4).
33
Let y(j) = 18714*j + 261998. Calculate y(-14).
2
Let u(b) = -b**3 - 11*b**2 + 84*b - 1295. Give u(-19).
-3
Let z(p) = 41*p**3 + 16*p**2 - 30*p - 16. What is z(2)?
316
Let o(d) = -2962*d + 20527. Give o(5).
5717
Let y(u) = 33*u**3 + 43*u**2 - 7620*u - 7621. What is y(-1)?
9
Let q(o) = 9*o**2 - 2553*o + 4156. Give q(282).
-74
Let d(b) = 3*b**3 - 41*b**2 - 933*b + 12499. Determine d(13).
32
Let q(m) = m**2 + 56557*m - 678852. Give q(12).
-24
Let k(w) = -3687*w + 1065563. Give k(289).
20
Let d(o) = -2*o**2 - 230*o - 5312. What is d(-81)?
196
Let q(f) = -3*f**2 - 160*f + 4592. Give q(-74).
4
Let v(w) = 29*w**2 - 75*w - 321. Calculate v(-2).
-55
Let m(k) = -4*k**3 - 67*k**2 + 4*k - 81. Calculate m(-17).
140
Let r(z) = 349124*z - 6633277. Calculate r(19).
79
Let h(i) = 2267*i + 330869. What is h(-146)?
-113
Let s(a) = 24*a**2 - 46*a + 80. What is s(11)?
2478
Let o(y) = -63515*y + 3429815. Calculate o(54).
5
Let s(v) = 4*v**2 + 85*v + 499. Give s(-7).
100
Let t(y) = -5*y**2 - 423*y - 2914. Determine t(-7).
-198
Let c(v) = 7*v**3 - 21*v**2 - 31*v + 64. Determine c(5).
259
Let v(t) = 46*t**2 + 136*t - 430. Determine v(3).
392
Let l(u) = 2*u**2 - 4419*u + 156491. What is l(36)?
-1
Let j(m) = m**2 + 4133*m - 37282. Calculate j(9).
-4
Let c(d) = 7*d**2 - 298*d + 3425. Calculate c(32).
1057
Let s(b) = 63*b**2 + 2040*b - 6062. Calculate s(3).
625
Let g(d) = -d**2 - 2559*d - 318085. Calculate g(-131).
-17
Let q(o) = -6*o**2 + 3811*o - 15148. What is q(4)?
0
Let i(a) = -8021*a - 39493. Determine i(-5).
612
Let y(s) = 47*s**3 + 4937*s**2 + 199*s - 958. Give y(-105).
197
Let p(l) = -7*l**3 - 65*l**2 + 100*l + 1356. What is p(-8)?
-20
Let c(u) = -43159*u + 1035848. Calculate c(24).
32
Let c(t) = 328*t**2 - 29526*t + 540. What is c(90)?
0
Let t(u) = -11494*u + 632131. Calculate t(55).
-39
Let j(u) = -u**3 - 243*u**2 - 453*u + 6996. Give j(-241).
7
Let j(k) = -k**3 + 19*k**2 + 28*k - 360. What is j(17)?
694
Let m(a) = -3*a**3 - 29*a**2 + 7508*a + 30317. Calculate m(-4).
13
Let h(n) = -n**3 + 252*n**2 - 1236*n - 1080. Calculate h(247).
-1327
Let i(s) = s**3 - 130*s**2 + 1306*s + 317. Calculate i(119).
-40
Let s(t) = -10618*t + 31869. Calculate s(3).
15
Let y(n) = -122*n**2 + 10372*n - 225. Give y(85).
-55
Let u(z) = 400*z**2 + 56007*z + 977. Determine u(-140).
-3
Let q(a) = -70*a**3 - 5*a**2 + 59*a - 106. Give q(0).
-106
Let x(u) = 5*u**3 + 81*u**2 - 58*u - 2219. What is x(-15)?
1
Let j(p) = -1663*p**2 - 20228*p - 3267. Calculate j(-12).
-3
Let a(z) = -z**2 - 647*z - 45482. Give a(-80).
-122
Let b(y) = -4575*y + 17597. What is b(4)?
-703
Let j(w) = 1587*w - 314838. Calculate j(199).
975
Let h(c) = 17*c**3 + 5*c**2 - 21*c - 3. Determine h(2).
111
Let k(c) = -5*c**3 - 68*c**2 - 27*c + 76. Give k(-13).
-80
Let d(c) = 3*c**3 + 79*c**2 - 426*c - 13139. Give d(-25).
11
Let t(n) = n**3 + 1864*n**2 - 3471*n + 487026. Determine t(-1866).
0
Let n(j) = 241*j**2 + 972*j + 39. Give n(-4).
7
Let v(z) = -2*z**3 + 41*z**2 - 261*z + 477. What is v(9)?
-9
Let v(p) = -9*p**2 - 3267*p - 35693. What is v(-11)?
-845
Let n(b) = b**3 - 10*b**2 - 59*b - 2. What is n(8)?
-602
Let j(g) = -4*g**2 + 975*g + 163. Calculate j(244).
-81
Let m(z) = 23*z**2 + 2215*z - 1644. Calculate m(-97).
-92
Let l(x) = -115*x - 218. Give l(1).
-333
Let j(i) = -2*i**3 - 102*i**2 - 913*i - 52900. Determine j(-52).
-16
Let y(m) = -m**3 - 399*m**2 - 792*m - 18. Give y(-2).
-22
Let c(s) = -14265*s + 4793048. Determine c(336).
8
Let i(j) = j**2 - 67*j - 121021. Calculate i(383).
7
Let u(a) = 6*a**3 - 10*a**2 + 31*a + 205. Determine u(0).
205
Let c(v) = -338*v**3 + 133*v + 134. Calculate c(-1).
339
Let h(v) = 2*v**2 + 2489*v - 62827. Give h(25).
648
Let g(h) = 11*h**2 - 79*h + 19. Calculate g(4).
-121
Let o(n) = 231*n**2 + 110*n - 105. Determine o(1).
236
Let k(n) = -n**3 - 36073*n - 144361. Determine k(-4).
-5
Let o(a) = 25674*a + 231917. Give o(-9).
851
Let a(x) = -13*x**3 - 109*x**2 - 28*x + 12. Give a(-8).
-84
Let w(s) = 13*s**3 - 903*s**2 + 402*s + 841. Give w(69).
13
Let o(i) = -797178*i - 6377425. Give o(-8).
-1
Let j(p) = -6*p**2 + 411*p - 3843. Calculate j(57).
90
Let r(s) = -s**2 - 783*s + 241747. Give r(237).
7
Let i(o) = o**3 - 30*o**2 + 543*o - 16299. Calculate i(30).
-9
Let i(h) = -h**3 - 874*h**2 + 64228*h + 162021. Determine i(-942).
-3
Let f(p) = p**2 - 1266*p - 475405. What is f(-303)?
2
Let d(g) = 3*g**3 + 51*g**2 + 371*g - 514. Determine d(-8).
-1754
Let s(n) = 5551*n - 549502. Give s(99).
47
Let v(h) = 7*h**3 - 24*h**2 - 7*h + 79. Calculate v(5).
319
Let p(l) = 100*l + 5433. Determine p(-59).
-467
Let k(h) = -h**3 + 96*h**2 + 93*h + 422. Determine k(97).
34
Let p(q) = q**3 - 112*q**2 - 351*q + 828. Calculate p(115).
138
Let x(l) = -87*l**2 - 581*l - 2207. Calculate x(-4).
-1275
Let v(u) = -2*u**2 - 190*u + 129. Determine v(-80).
2529
Let l(a) = -655*a**2 - 100874*a - 610. Calculate l(-154).
6
Let d(r) = -12*r**2 + 69997*r + 1828037. Give d(-26).
3
Let d(t) = -3*t**3 + 157*t**2 - 998*t + 314. Give d(45).
-46
Let h(l) = -l**3 - 23*l**2 - 79*l - 1012. Determine h(-16).
-1540
Let c(v) = -2*v**2 - 47*v - 171. Give c(-24).
-195
Let g(c) = -26*c**3 - 133*c**2 - 11*c - 3. What is g(-5)?
-23
Let k(w) = w**2 - 66*w + 1138. Calculate k(24).
130
Let u(v) = -v**3 - 495*v**2 - 32624*v - 7638. Determine u(-78).
6
Let y(q) = -q**2 + 145*q + 6539. Determine y(-36).
23
Let b(m) = 1360*m**2 - 2727*m - 94. Calculate b(2).
-108
Let o(m) = -2*m**3 - 136*m**2 - 122*m + 536. Give o(-67).
-268
Let t(q) = q**3 + 2*q**2 - 12*q - 28. What is t(9)?
755
Let r(o) = 45*o**3 + 764*o**2 - 31*o - 230. What is r(-17)?
8
Let h(b) = 2858*b - 1823396. Determine h(638).
8
Let a(f) = 3*f**2 - 5805*f - 